f q?
2, 11
Suppose 5*u - 148 = 122. List the prime factors of u.
2, 3
List the prime factors of 77 + 1 + (-63)/(-21).
3
Suppose -2*z = -5*k + 152, 3*k + k = -4*z + 144. What are the prime factors of k?
2
Let t(d) = -5*d + 26. List the prime factors of t(-8).
2, 3, 11
Let v be (-49)/(-3) - 4/(-6). Let d = 32 - v. Suppose 51 - d = 3*c. What are the prime factors of c?
2, 3
Suppose 0 = 2*b + s + 11 - 1, 5*b - 2*s + 34 = 0. Let f = b - -11. Let k(x) = x**2 - 5*x + 2. What are the prime factors of k(f)?
2
Let f be 10/(-35) - 18/(-14). Let o = -1 + f. Let x(v) = v**2 + 2. What are the prime factors of x(o)?
2
Let i = 59 - -79. What are the prime factors of i?
2, 3, 23
Let j = -26 - -118. What are the prime factors of j?
2, 23
What are the prime factors of (-11226)/(-42) + (-2)/7?
3, 89
Let h(g) = 6*g - 26. What are the prime factors of h(11)?
2, 5
Suppose 0 = -3*x + 3 + 3. Suppose 7*k - 15 = x*k, -3*k - 7 = 2*t. List the prime factors of (7/(-4))/(1/t).
2, 7
Suppose -4*n + 5*m + 3 = 0, n + m = -n - 9. List the prime factors of (n - (-40)/12)*102.
2, 17
Let h = -69 - -152. List the prime factors of h.
83
Let w be 1 - 9 - 14/7. Let s be (-8)/3*(-15)/w. What are the prime factors of 166/18 - s/(-18)?
3
Let g(m) = 2*m - 8. Let k be (-12)/10*(-20)/8. Suppose 8*w = k*w + 40. List the prime factors of g(w).
2
Let o = 74 - 8. Let b = o - 33. List the prime factors of b.
3, 11
Suppose -2*j + 120 = -110. Suppose -2*z + j = 3*z. What are the prime factors of z?
23
Let n = -41 + 58. What are the prime factors of n?
17
Let q(x) = -x**3 + 2*x**2 - 2*x - 2. Let p = -6 + 2. Let y(l) = l + 2. Let s be y(p). List the prime factors of q(s).
2, 3
Let k be (-10)/(-45) + (-195)/27. List the prime factors of 1/k + (-759)/(-21).
2, 3
Suppose 4*d - 3*d = 8. Suppose 4*t + 4*m = 48, -t + 0*m + 4*m - d = 0. List the prime factors of t.
2
Suppose 5 = l + 3*q + 1, 3*q - 42 = -3*l. List the prime factors of l.
19
Let n = 11 - 8. Let i(j) = -4*j**n + 5*j**3 - j + 8*j**2 - j. List the prime factors of i(-8).
2
Suppose 5*i - 5*j = 45, 20 = 3*j + j. What are the prime factors of i?
2, 7
Suppose -4*q - 4*c - 64 = -0*q, -q + c = 12. Let f be q/(-8) + (-2)/(-8). Suppose 5 = 5*u - 5*o, 5*u + o - 13 = -f*o. What are the prime factors of u?
2
Let y(u) = -u**2 - 6*u - 5. Suppose 0 = -4*b - 17 - 3. Let a be y(b). Suppose -2*c + 2*q - 4*q + 4 = a, 0 = -5*c - 3*q + 12. What are the prime factors of c?
3
Suppose 3*p + 5*d + 9 = 0, 0 = 5*p - 2*d - 2*d - 22. Suppose y + 3*a = 0, p*a + 3 + 2 = y. List the prime factors of ((-3)/(-2))/y*12.
2, 3
Suppose -w = -3*y - 4*w + 42, 2*w + 98 = 5*y. Suppose y = -6*u + 4*u. What are the prime factors of 3*5/u*-3?
5
Let t be (-68)/6 + 4/12. Suppose 3*u + 2*c = 2*u - 16, 4*u + 76 = -4*c. Let n = t - u. What are the prime factors of n?
11
Let t(s) = s**3 - 6*s**2 - 10*s - 11. List the prime factors of t(8).
37
Let f be (-3)/12*-5*16. Suppose -d - 4*c = -16, -4*c - f = -d - d. List the prime factors of d.
2, 3
Let v be (-16)/12 - (-4)/(-6). Let q be v/9 + (-1254)/(-54). Let b = -16 + q. What are the prime factors of b?
7
Suppose o = -2*x - 0*o + 9, 0 = -5*x - 2*o + 22. Let g = -16 - -18. Let f = x - g. What are the prime factors of f?
2
Let x = 40 - 29. Suppose -2*u + x = -61. What are the prime factors of u?
2, 3
List the prime factors of 3/((-9)/34)*-3.
2, 17
Let s = -1 + 1. Let n = 8 - 4. Suppose s*p + n*p = 36. List the prime factors of p.
3
Suppose -3*m + 6 = 3*z - 0*m, 8 = 3*z + m. What are the prime factors of z?
3
Suppose -6*f + 15 = -3*f. Suppose -f*k = -7 - 23. List the prime factors of (-4)/k + (-78)/(-9).
2
Suppose -5*l = 4*g - 853, -2*l - 155 + 497 = 2*g. What are the prime factors of l?
13
Let w = -5 - -15. Let d = -4 + w. What are the prime factors of d?
2, 3
List the prime factors of (3 + 50/(-15))*-102.
2, 17
Suppose 3*z - 29 = 2*z - f, -5*z = 3*f - 151. List the prime factors of z.
2
Suppose 0 = 2*v - 0*v. Let w be -1 + v/2 - -3. List the prime factors of (w/2)/((-3)/(-27)).
3
Let r(o) = 4*o**2 + 6*o + 1. Let k be r(-4). Suppose 5*x - p = 2*p + 85, 3*p - k = -4*x. List the prime factors of x.
2, 7
List the prime factors of 56/(-42)*(-102)/4.
2, 17
Let b(f) be the first derivative of 10/3*f**3 + 1 - 7/2*f**2 - 12*f - 1/4*f**4. List the prime factors of b(9).
2, 3
Suppose -2*d + 59 = -q, -d + 140 = 4*d - 4*q. Let r be 56/6*27/18. Let p = d - r. What are the prime factors of p?
2, 3
Let u(s) = s**2 - 8*s + 10. Let j be u(7). Suppose 0 = 7*b - j*b + 28. Let g = b + 22. What are the prime factors of g?
3, 5
Suppose t - 2*t = 0. Let n(c) = -c**3 - c**2 + 2. Let b be n(t). Suppose -b*m = -7*m + 30. What are the prime factors of m?
2, 3
Let u = -9 - -5. Let h = u + 2. What are the prime factors of h*(165/(-6))/5?
11
List the prime factors of (-10 + -2)*(-16)/24.
2
Let u be 2/(-8) - (-315)/12. Suppose 0 = s - 4 - 9. Let x = u - s. List the prime factors of x.
13
Let n(c) = 2*c**2 - 13 + 15 - 3*c**2. Let a be n(-3). Let b = a + 13. List the prime factors of b.
2, 3
Let y = 12 + -9. Suppose 0 = -2*r + 2*g + 40, -3*r = 2*g - y*g - 54. List the prime factors of r.
17
What are the prime factors of 1/1 - (1918/(-7) + -6)?
281
Suppose -2*s = -95 - 193. List the prime factors of s.
2, 3
Let n(g) = 10*g**2 - g + 4. Let k be n(-3). Suppose 0*q - 87 = -3*q - r, 0 = 4*q - 5*r - k. Let h = q - 18. List the prime factors of h.
2, 5
What are the prime factors of ((-11)/(-4))/((-3)/((-36)/1))?
3, 11
Let x = 3 - 5. Let i be (-4)/14 - 93/(-7). Let m = x + i. What are the prime factors of m?
11
Let o be (1 - 4/6)*9. Suppose -o*p + 9 = -2*p. List the prime factors of p.
3
Let z(v) be the second derivative of -3*v + 1/2*v**3 - 3/2*v**2 + 0 + 1/12*v**4. What are the prime factors of z(2)?
7
Let l(u) = -15*u + 22. List the prime factors of l(-7).
127
Let r = -37 - -64. What are the prime factors of r?
3
Let d(a) = -2*a + 0*a**3 - 1 - 4*a**2 + 3 - 3*a**3 + 4*a**3. List the prime factors of d(5).
17
Let k(v) = 5*v - 4 - 8*v - 7. Let h be k(-5). Suppose 4*z + 47 = -2*a + 127, h*z = -a + 82. List the prime factors of z.
3, 7
Let z(v) be the first derivative of 33*v**2/2 + v + 4. Let m be z(1). What are the prime factors of 3/(-12) - m/(-8)?
2
Suppose 2*z = -2*r + 18, 5*z = 3*r - r - 46. List the prime factors of r.
13
Let x(q) = -q**2 + 10. Let o be x(-8). Let k = -38 - o. List the prime factors of k.
2
Let r(x) = 2*x. Let a be (-1)/((-2 - -3)*-1). Let j be r(a). Suppose w - j*w + 6 = 0. What are the prime factors of w?
2, 3
Let a(x) = -x**3 - 11*x**2 + 11*x. List the prime factors of a(-12).
2, 3
Let r = -27 + 87. List the prime factors of r.
2, 3, 5
Let r = 15 - -74. List the prime factors of r.
89
Suppose 6*x = -3*u + 3*x + 15, -5 = u + 3*x. What are the prime factors of u?
2, 5
Suppose -5*g = 5 - 0. Let a be (-3)/(2*g/2). Suppose -2*r + 5*k + 35 = a*r, -2*r - 3*k = -39. List the prime factors of r.
2, 3
Let l = 20 + -17. Suppose 5*x = -3*c + l, -2*c + 3*c + 9 = -5*x. List the prime factors of c.
2, 3
Suppose 2*r = -0*r - 5*z - 26, -5*r = z + 19. List the prime factors of ((-56)/(-12))/((-2)/r).
7
Let u = 89 + -8. List the prime factors of u.
3
Let c be 3/(12/16)*1. Suppose i + 39 = l + 3*i, l = -c*i + 35. List the prime factors of l.
43
Let x be (-19)/3 - 4/(-12). List the prime factors of (8/x)/(2/(-24)).
2
Let y be ((-12)/(-6))/(-3 - -1). Let w = -1 + 5. What are the prime factors of ((-85)/20)/(y/w)?
17
Let c = 3 + 8. Suppose 0 = 3*w - 3*x - 15, w + 2*x - x - c = 0. What are the prime factors of w?
2
Suppose -3 = -a - 4. Suppose -2 = 5*q + 8, -3*f = q - 31. List the prime factors of 3 - (-3 + f/a).
17
Let s = 1 + 3. Let f = 2 + s. List the prime factors of f.
2, 3
Suppose -3*l + 5*l - 10 = 0. Suppose -l*j + 34 - 9 = 0. List the prime factors of j.
5
What are the prime factors of 2/11 - 2536/(-88)?
29
What are the prime factors of -1 - (3 + -4 - 40)?
2, 5
Let f(t) = t**2 - 2*t + 2. Let s be f(2). Suppose a - 2 = s. Let l = a - 2. List the prime factors of l.
2
Suppose w + 12 = 3*w. What are the prime factors of w?
2, 3
Suppose 2*n - 3*n + 7 = 0. Let p = n - -4. What are the prime factors of p?
11
Suppose -3*p = 5*u - 10, 0 - 8 = 5*p - 4*u. Let v(x) = x**2 - x + 11. What are the prime factors of v(p)?
11
Let t be (0 - 2) + (-2 - -4). Let f = 3 - t. List the prime factor